{"id":15,"date":"2012-07-21T17:25:54","date_gmt":"2012-07-21T17:25:54","guid":{"rendered":"http:\/\/www.asv-luebeck.de\/?page_id=15"},"modified":"2025-11-27T21:45:21","modified_gmt":"2025-11-27T20:45:21","slug":"dokumente","status":"publish","type":"page","link":"https:\/\/asv-luebeck.de\/?page_id=15","title":{"rendered":"Dokumente"},"content":{"rendered":"<p>Auf dieser Seite findet ihr einige wichtige Dokumente f\u00fcr die Mitgliedschaft.<\/p>\n<ul>\n<li><a href=\"https:\/\/asv-luebeck.de\/wp-content\/uploads\/2025\/11\/2025-07-05-Satzung.pdf\">Satzung<\/a><\/li>\n<li><a href=\"https:\/\/asv-luebeck.de\/wp-content\/uploads\/2025\/11\/Beitragsordnung_aktuell.pdf\">Beitragsordnung<\/a><\/li>\n<li><a href=\"https:\/\/asv-luebeck.de\/wp-content\/uploads\/2025\/11\/Aufnahmeantrag.pdf\">Mitgliedsantrag des ASV L\u00fcbeck<\/a><\/li>\n<li><a href=\"https:\/\/asv-luebeck.de\/wp-content\/uploads\/2025\/11\/Lastschriftmandat-Beitrag.pdf\">Lastschriftmandat<\/a><\/li>\n<li><a href=\"https:\/\/asv-luebeck.de\/wp-content\/uploads\/2025\/11\/Haftungsausschlusserklaerung.pdf\">Haftungsausschlusserkl\u00e4rung<\/a><\/li>\n<\/ul>\n","protected":false},"excerpt":{"rendered":"<p>Auf dieser Seite findet ihr einige wichtige Dokumente f\u00fcr die Mitgliedschaft. Satzung Beitragsordnung Mitgliedsantrag des ASV L\u00fcbeck Lastschriftmandat Haftungsausschlusserkl\u00e4rung<\/p>\n","protected":false},"author":1,"featured_media":0,"parent":8,"menu_order":0,"comment_status":"closed","ping_status":"closed","template":"","meta":{"_mc_calendar":[],"footnotes":""},"class_list":["post-15","page","type-page","status-publish","hentry"],"_links":{"self":[{"href":"https:\/\/asv-luebeck.de\/index.php?rest_route=\/wp\/v2\/pages\/15","targetHints":{"allow":["GET"]}}],"collection":[{"href":"https:\/\/asv-luebeck.de\/index.php?rest_route=\/wp\/v2\/pages"}],"about":[{"href":"https:\/\/asv-luebeck.de\/index.php?rest_route=\/wp\/v2\/types\/page"}],"author":[{"embeddable":true,"href":"https:\/\/asv-luebeck.de\/index.php?rest_route=\/wp\/v2\/users\/1"}],"replies":[{"embeddable":true,"href":"https:\/\/asv-luebeck.de\/index.php?rest_route=%2Fwp%2Fv2%2Fcomments&post=15"}],"version-history":[{"count":17,"href":"https:\/\/asv-luebeck.de\/index.php?rest_route=\/wp\/v2\/pages\/15\/revisions"}],"predecessor-version":[{"id":2525,"href":"https:\/\/asv-luebeck.de\/index.php?rest_route=\/wp\/v2\/pages\/15\/revisions\/2525"}],"up":[{"embeddable":true,"href":"https:\/\/asv-luebeck.de\/index.php?rest_route=\/wp\/v2\/pages\/8"}],"wp:attachment":[{"href":"https:\/\/asv-luebeck.de\/index.php?rest_route=%2Fwp%2Fv2%2Fmedia&parent=15"}],"curies":[{"name":"wp","href":"https:\/\/api.w.org\/{rel}","templated":true}]}}