{"id":2172,"date":"2021-11-20T22:34:26","date_gmt":"2021-11-20T21:34:26","guid":{"rendered":"https:\/\/asv-luebeck.de\/?page_id=2172"},"modified":"2025-11-27T21:50:58","modified_gmt":"2025-11-27T20:50:58","slug":"faq","status":"publish","type":"page","link":"https:\/\/asv-luebeck.de\/?page_id=2172","title":{"rendered":"FAQ"},"content":{"rendered":"\n<p><\/p>\n\n\n\n<h5 class=\"wp-block-heading\">Muss ich Segeln k\u00f6nnen um bei euch beizutreten?<\/h5>\n\n\n\n<p>Nein. Segelerfahrung ist keine Voraussetzung um bei uns mit zu machen. <\/p>\n\n\n\n<p><\/p>\n\n\n\n<h5 class=\"wp-block-heading\">Wer kann bei euch Mitglied werden?<\/h5>\n\n\n\n<p>Gem\u00e4\u00df unserer Satzung richtet sich unser Angebot prim\u00e4r an Studierende der L\u00fcbecker Hochschulen. Nicht-Studenten k\u00f6nnen bei Identifikation mit den Vereinszielen und Interesse am Verein beitreten.<\/p>\n\n\n\n<p><\/p>\n\n\n\n<h5 class=\"wp-block-heading\">Wie kann ich bei euch Mitglied werden?<\/h5>\n\n\n\n<p>Komme gerne zur n\u00e4chsten Monatsversammlung (MV) dazu! Da kannst du uns erst mal kennen lernen oder auch gleich beitreten \u2013 wie du m\u00f6chtest. Oder du schreibst uns eine Mail an <a href=\"mailto:info@asv-luebeck\">info@asv-luebeck<\/a>.de<\/p>\n\n\n\n<p><\/p>\n\n\n\n<h5 class=\"wp-block-heading\">Wie kann ich bei euch Segeln lernen?<\/h5>\n\n\n\n<p>Im Wintersemester bieten wir einen Navigationskurs zur theoretischen Vorbereitung auf den SBF See an. Im Sommersemester folgt das Ausbildungssegeln auf Sprotte. Wenn du Interesse hast, melde dich gerne unter <a href=\"mailto:info@asv-luebeck.de\">info@asv-luebeck.de<\/a> oder bei unserem Ausbildungswart.<\/p>\n\n\n\n<p><\/p>\n\n\n\n<h5 class=\"wp-block-heading\">Sind eure Segelkurse die gleichen wie beim Hochschulsport?<\/h5>\n\n\n\n<p>Inhaltlich ja. Beim Hochschulsport segelt ihr allerdings mit Jollen auf der Wakenitz, w\u00e4hrend wir prim\u00e4r auf Dickschiffen auf der Ostsee unterwegs sind. Bei uns habt ihr zu dem die M\u00f6glichkeit auch \u00fcber den Kurs hinaus zu segeln und weiter zu lernen.<\/p>\n\n\n\n<p><\/p>\n\n\n\n<h5 class=\"wp-block-heading\">Wie erfahre ich von aktuellen Vereinsveranstaltungen?<\/h5>\n\n\n\n<p>Hier auf der Website findet ihr die aktuellen Termine im Kalender. Sonst schreibt gerne eine Mail an <a href=\"mailto:info@asv-luebeck.de\">info@asv-luebeck.de<\/a>.<\/p>\n\n\n\n<p><\/p>\n\n\n\n<h5 class=\"wp-block-heading\">Wie funktioniert das mit den Arbeitsstunden?<\/h5>\n\n\n\n<p>Jeder, der pro Saison eine bestimmte Anzahl von Tagesausfahrten \u00fcberschritten hat, ist verpflichtet im Winter Arbeitsstunden zu leisten. Tats\u00e4chlich reicht es aber nicht, wenn jeder nur seine Pflichtstunden erledigt um alle anfallenden Arbeiten zu erledigen. Sollte jemand seine Pflichtstunden nicht absolvieren, muss pro fehlende Stunde ein bestimmter Betrag (<a href=\"https:\/\/asv-luebeck.de\/?page_id=15\" data-type=\"page\" data-id=\"15\">s. <\/a><a href=\"https:\/\/asv-luebeck.de\/wp-content\/uploads\/2025\/11\/Beitragsordnung_aktuell.pdf\">Beitragsordnung<\/a>) gezahlt werden.<\/p>\n\n\n\n<p><\/p>\n\n\n\n<h5 class=\"wp-block-heading\">Was kostet das Segeln bei euch?<\/h5>\n\n\n\n<p>Jedes Mitglied zahlt einen Jahresbeitrag, sowie ein Nutzungsentgelt f\u00fcr jede Nacht an Bord. Die H\u00f6he der Geb\u00fchren unterscheiden sich je nachdem ob ihr Mitglied seid oder nicht und ob ihr noch studiert. Details entnehmt bitte unser <a href=\"https:\/\/asv-luebeck.de\/wp-content\/uploads\/2025\/11\/Beitragsordnung_aktuell.pdf\">Beitragsordnung<\/a>.<\/p>\n\n\n\n<p><\/p>\n\n\n\n<h5 class=\"wp-block-heading\">Kann ich auch eigene Ausfahrten machen?<\/h5>\n\n\n\n<p>Ja klar! Daf\u00fcr musst du allerdings Mitglied sein und das entsprechende Skipperpatent haben. Um ein Patent zu bekommen musst du je nach Boot den SBF See, SKS oder SRC nachweisen, sowie eine vereinsinteren Pr\u00fcfung ablegen.<\/p>\n\n\n\n<p><\/p>\n\n\n\n<h5 class=\"wp-block-heading\">Sind wir eine Studentenverbindung?<\/h5>\n\n\n\n<p>Nein. Wir sind ein gemeinn\u00fctziger offener Verein, der nie eine Verbindung war oder ist. Historisch beziehen wir und aus den 1908 in Greifswald gegr\u00fcndeten ASV Greifswald, der allen Studenten eine M\u00f6glichkeit zum Segeln bieten wollte. Mehr Infos zur Vereinsgeschichte findet ihr <a href=\"https:\/\/asv-luebeck.de\/?page_id=13\" data-type=\"page\" data-id=\"13\">hier.<\/a><\/p>\n","protected":false},"excerpt":{"rendered":"<p>Muss ich Segeln k\u00f6nnen um bei euch beizutreten? Nein. Segelerfahrung ist keine Voraussetzung um bei uns mit zu machen. Wer kann bei euch Mitglied werden? Gem\u00e4\u00df unserer Satzung richtet sich unser Angebot prim\u00e4r an Studierende der L\u00fcbecker Hochschulen. Nicht-Studenten k\u00f6nnen bei Identifikation mit den Vereinszielen und Interesse am Verein beitreten. Wie kann ich bei euch [&hellip;]<\/p>\n","protected":false},"author":1,"featured_media":0,"parent":0,"menu_order":0,"comment_status":"closed","ping_status":"closed","template":"","meta":{"_mc_calendar":[],"footnotes":""},"class_list":["post-2172","page","type-page","status-publish","hentry"],"_links":{"self":[{"href":"https:\/\/asv-luebeck.de\/index.php?rest_route=\/wp\/v2\/pages\/2172","targetHints":{"allow":["GET"]}}],"collection":[{"href":"https:\/\/asv-luebeck.de\/index.php?rest_route=\/wp\/v2\/pages"}],"about":[{"href":"https:\/\/asv-luebeck.de\/index.php?rest_route=\/wp\/v2\/types\/page"}],"author":[{"embeddable":true,"href":"https:\/\/asv-luebeck.de\/index.php?rest_route=\/wp\/v2\/users\/1"}],"replies":[{"embeddable":true,"href":"https:\/\/asv-luebeck.de\/index.php?rest_route=%2Fwp%2Fv2%2Fcomments&post=2172"}],"version-history":[{"count":6,"href":"https:\/\/asv-luebeck.de\/index.php?rest_route=\/wp\/v2\/pages\/2172\/revisions"}],"predecessor-version":[{"id":2532,"href":"https:\/\/asv-luebeck.de\/index.php?rest_route=\/wp\/v2\/pages\/2172\/revisions\/2532"}],"wp:attachment":[{"href":"https:\/\/asv-luebeck.de\/index.php?rest_route=%2Fwp%2Fv2%2Fmedia&parent=2172"}],"curies":[{"name":"wp","href":"https:\/\/api.w.org\/{rel}","templated":true}]}}