{"id":33,"date":"2012-07-21T17:47:18","date_gmt":"2012-07-21T15:47:18","guid":{"rendered":"http:\/\/www.asv-luebeck.de\/?page_id=33"},"modified":"2019-08-30T20:50:51","modified_gmt":"2019-08-30T18:50:51","slug":"frithjof-ii","status":"publish","type":"page","link":"https:\/\/asv-luebeck.de\/?page_id=33","title":{"rendered":"Frithjof II"},"content":{"rendered":"<p><img loading=\"lazy\" decoding=\"async\" class=\"wp-image-1575 size-medium\" src=\"https:\/\/asv-luebeck.de\/wp-content\/uploads\/2018\/06\/DSC01651-300x225.jpg\" alt=\"\" width=\"300\" height=\"225\" srcset=\"https:\/\/asv-luebeck.de\/wp-content\/uploads\/2018\/06\/DSC01651-300x225.jpg 300w, https:\/\/asv-luebeck.de\/wp-content\/uploads\/2018\/06\/DSC01651-768x576.jpg 768w, https:\/\/asv-luebeck.de\/wp-content\/uploads\/2018\/06\/DSC01651-1024x768.jpg 1024w\" sizes=\"auto, (max-width: 300px) 100vw, 300px\" \/><\/p>\n<p><img loading=\"lazy\" decoding=\"async\" class=\"wp-image-1574 size-medium\" src=\"https:\/\/asv-luebeck.de\/wp-content\/uploads\/2018\/06\/DSC01658-300x225.jpg\" alt=\"\" width=\"300\" height=\"225\" srcset=\"https:\/\/asv-luebeck.de\/wp-content\/uploads\/2018\/06\/DSC01658-300x225.jpg 300w, https:\/\/asv-luebeck.de\/wp-content\/uploads\/2018\/06\/DSC01658-768x576.jpg 768w, https:\/\/asv-luebeck.de\/wp-content\/uploads\/2018\/06\/DSC01658-1024x768.jpg 1024w\" sizes=\"auto, (max-width: 300px) 100vw, 300px\" \/><\/p>\n<p>Die Unna 24 <em>Frithjof II<\/em> ist das mittlere T\u00f6rnschiff in der ASV-Flotte. Dabei handelt es sich um wendiges, kleines Boot, dass auch von einer kleinen Crew gut zu beherrschen ist. Durch ihre Agilit\u00e4t und Schnelligkeit befriedigt es auf der einen Seite den Wunsch nach sportlichem Segeln, auf der anderen Seite l\u00e4sst sie sich durch ihr durchdachtes Innenraumkonzept mit vielen Staum\u00f6glichkeiten auch hervorragend als Tourenschiff f\u00fcr kleine bis mittlere T\u00f6rns nutzen. F\u00fcr heranwachsende Skipper ist es das Schiff f\u00fcr den ersten eigenen T\u00f6rn.<\/p>\n<dl class=\"bootdaten\">\n<dt class=\"bootsname\">Frithjof II<\/p>\n<p><figure id=\"attachment_149\" aria-describedby=\"caption-attachment-149\" style=\"width: 300px\" class=\"wp-caption alignright\"><a href=\"https:\/\/asv-luebeck.de\/wp-content\/uploads\/2012\/07\/P7160161.jpg\"><img loading=\"lazy\" decoding=\"async\" class=\"wp-image-149 size-medium\" title=\"Frithjof II\" src=\"https:\/\/asv-luebeck.de\/wp-content\/uploads\/2012\/07\/P7160161-300x200.jpg\" alt=\"Frithjof II\" width=\"300\" height=\"200\" srcset=\"https:\/\/asv-luebeck.de\/wp-content\/uploads\/2012\/07\/P7160161-300x200.jpg 300w, https:\/\/asv-luebeck.de\/wp-content\/uploads\/2012\/07\/P7160161-768x511.jpg 768w, https:\/\/asv-luebeck.de\/wp-content\/uploads\/2012\/07\/P7160161-1024x682.jpg 1024w, https:\/\/asv-luebeck.de\/wp-content\/uploads\/2012\/07\/P7160161.jpg 1200w\" sizes=\"auto, (max-width: 300px) 100vw, 300px\" \/><\/a><figcaption id=\"caption-attachment-149\" class=\"wp-caption-text\">Die Frithjof II mit gehisster \u201eL\u00fcbeck k\u00e4mpft\u201c-Fahne in Erinnerung an den Sommer 2010<\/figcaption><\/figure><\/dt>\n<dt class=\"first\">Segelyacht<\/dt>\n<dd>vom Typ Unna 24<\/dd>\n<dt>L\u00e4nge<\/dt>\n<dd>7\u00a0m<\/dd>\n<dt>Breite<\/dt>\n<dd>2.48\u00a0m<\/dd>\n<dt>Tiefgang<\/dt>\n<dd>1.30\u00a0m<\/dd>\n<dt>Leergewicht (segelfertig)<\/dt>\n<dd>1150\u00a0kg<\/dd>\n<dt>Max. Zuladung<\/dt>\n<dd>480 kg<\/dd>\n<dt>Motor<\/dt>\n<dd>6 PS<\/dd>\n<dt>Segelfl\u00e4che<\/dt>\n<dd>Gro\u00df: 15.20\u00a0m\u00b2<br \/>\nGenua: 9.80 m\u00b2<br \/>\nSpinnaker: 25 m\u00b2<\/dd>\n<\/dl>\n","protected":false},"excerpt":{"rendered":"<p>Die Unna 24 Frithjof II ist das mittlere T\u00f6rnschiff in der ASV-Flotte. Dabei handelt es sich um wendiges, kleines Boot, dass auch von einer kleinen Crew gut zu beherrschen ist. Durch ihre Agilit\u00e4t und Schnelligkeit befriedigt es auf der einen Seite den Wunsch nach sportlichem Segeln, auf der anderen Seite l\u00e4sst sie sich durch ihr [&hellip;]<\/p>\n","protected":false},"author":1,"featured_media":0,"parent":0,"menu_order":0,"comment_status":"closed","ping_status":"closed","template":"","meta":{"_mc_calendar":[],"footnotes":""},"class_list":["post-33","page","type-page","status-publish","hentry"],"_links":{"self":[{"href":"https:\/\/asv-luebeck.de\/index.php?rest_route=\/wp\/v2\/pages\/33","targetHints":{"allow":["GET"]}}],"collection":[{"href":"https:\/\/asv-luebeck.de\/index.php?rest_route=\/wp\/v2\/pages"}],"about":[{"href":"https:\/\/asv-luebeck.de\/index.php?rest_route=\/wp\/v2\/types\/page"}],"author":[{"embeddable":true,"href":"https:\/\/asv-luebeck.de\/index.php?rest_route=\/wp\/v2\/users\/1"}],"replies":[{"embeddable":true,"href":"https:\/\/asv-luebeck.de\/index.php?rest_route=%2Fwp%2Fv2%2Fcomments&post=33"}],"version-history":[{"count":3,"href":"https:\/\/asv-luebeck.de\/index.php?rest_route=\/wp\/v2\/pages\/33\/revisions"}],"predecessor-version":[{"id":2185,"href":"https:\/\/asv-luebeck.de\/index.php?rest_route=\/wp\/v2\/pages\/33\/revisions\/2185"}],"wp:attachment":[{"href":"https:\/\/asv-luebeck.de\/index.php?rest_route=%2Fwp%2Fv2%2Fmedia&parent=33"}],"curies":[{"name":"wp","href":"https:\/\/api.w.org\/{rel}","templated":true}]}}

<p><img loading="lazy" decoding="async" class="wp-image-1575 size-medium" src="https://asv-luebeck.de/wp-content/uploads/2018/06/DSC01651-300x225.jpg" alt="" width="300" height="225" srcset="https://asv-luebeck.de/wp-content/uploads/2018/06/DSC01651-300x225.jpg 300w, https://asv-luebeck.de/wp-content/uploads/2018/06/DSC01651-768x576.jpg 768w, https://asv-luebeck.de/wp-content/uploads/2018/06/DSC01651-1024x768.jpg 1024w" sizes="auto, (max-width: 300px) 100vw, 300px" /></p>
<p><img loading="lazy" decoding="async" class="wp-image-1574 size-medium" src="https://asv-luebeck.de/wp-content/uploads/2018/06/DSC01658-300x225.jpg" alt="" width="300" height="225" srcset="https://asv-luebeck.de/wp-content/uploads/2018/06/DSC01658-300x225.jpg 300w, https://asv-luebeck.de/wp-content/uploads/2018/06/DSC01658-768x576.jpg 768w, https://asv-luebeck.de/wp-content/uploads/2018/06/DSC01658-1024x768.jpg 1024w" sizes="auto, (max-width: 300px) 100vw, 300px" /></p>
<p>Die Unna 24 <em>Frithjof II</em> ist das mittlere Törnschiff in der ASV-Flotte. Dabei handelt es sich um wendiges, kleines Boot, dass auch von einer kleinen Crew gut zu beherrschen ist. Durch ihre Agilität und Schnelligkeit befriedigt es auf der einen Seite den Wunsch nach sportlichem Segeln, auf der anderen Seite lässt sie sich durch ihr durchdachtes Innenraumkonzept mit vielen Staumöglichkeiten auch hervorragend als Tourenschiff für kleine bis mittlere Törns nutzen. Für heranwachsende Skipper ist es das Schiff für den ersten eigenen Törn.</p>
<dl class="bootdaten">
<dt class="bootsname">Frithjof II</p>
<p><figure id="attachment_149" aria-describedby="caption-attachment-149" style="width: 300px" class="wp-caption alignright"><a href="https://asv-luebeck.de/wp-content/uploads/2012/07/P7160161.jpg"><img loading="lazy" decoding="async" class="wp-image-149 size-medium" title="Frithjof II" src="https://asv-luebeck.de/wp-content/uploads/2012/07/P7160161-300x200.jpg" alt="Frithjof II" width="300" height="200" srcset="https://asv-luebeck.de/wp-content/uploads/2012/07/P7160161-300x200.jpg 300w, https://asv-luebeck.de/wp-content/uploads/2012/07/P7160161-768x511.jpg 768w, https://asv-luebeck.de/wp-content/uploads/2012/07/P7160161-1024x682.jpg 1024w, https://asv-luebeck.de/wp-content/uploads/2012/07/P7160161.jpg 1200w" sizes="auto, (max-width: 300px) 100vw, 300px" /></a><figcaption id="caption-attachment-149" class="wp-caption-text">Die Frithjof II mit gehisster „Lübeck kämpft“-Fahne in Erinnerung an den Sommer 2010</figcaption></figure></dt>
<dt class="first">Segelyacht</dt>
<dd>vom Typ Unna 24</dd>
<dt>Länge</dt>
<dd>7 m</dd>
<dt>Breite</dt>
<dd>2.48 m</dd>
<dt>Tiefgang</dt>
<dd>1.30 m</dd>
<dt>Leergewicht (segelfertig)</dt>
<dd>1150 kg</dd>
<dt>Max. Zuladung</dt>
<dd>480 kg</dd>
<dt>Motor</dt>
<dd>6 PS</dd>
<dt>Segelfläche</dt>
<dd>Groß: 15.20 m²<br />
Genua: 9.80 m²<br />
Spinnaker: 25 m²</dd>
</dl>

<p>Die Unna 24 Frithjof II ist das mittlere Törnschiff in der ASV-Flotte. Dabei handelt es sich um wendiges, kleines Boot, dass auch von einer kleinen Crew gut zu beherrschen ist. Durch ihre Agilität und Schnelligkeit befriedigt es auf der einen Seite den Wunsch nach sportlichem Segeln, auf der anderen Seite lässt sie sich durch ihr [&hellip;]</p>
